= -81 + i. What is the tens digit of k?
4
Let p = 1135 - -435. What is the hundreds digit of p?
5
Let l(d) = -7*d - 40. Let g be l(-22). Suppose i - 4*s = -i + g, -2*s = -3*i + 191. What is the units digit of i?
7
Let c = -890 - -1312. What is the units digit of c?
2
Suppose -2*r + 45 = 3*r. Suppose -4*p = i - r, -17 = 3*i - 2*p - 2. What is the tens digit of 23*(-3)/9*i?
2
What is the hundreds digit of 3/(-15)*3 + (-3296)/(-10)?
3
Let u = 50 + -30. Suppose t + 3*j = u, 2*t = -4*j + 1 + 39. What is the tens digit of t?
2
Suppose -157*v + m + 117 = -156*v, -m + 1 = 0. What is the hundreds digit of v?
1
Let b be (-6)/9*(-3)/(-2). Let m be (-87)/15 + (-3)/15. Let w = b - m. What is the units digit of w?
5
Suppose 14*o = 10*o - 188. Let t = 33 - o. What is the tens digit of t?
8
What is the units digit of ((-22)/2)/((-2)/94)?
7
Let n(k) = -k**2 - 4*k + 8. Let d be n(-6). Let p be 0*1/(2 + d). Suppose p = -g - 0*g + 33. What is the units digit of g?
3
Suppose -36 = 5*c - 3*k - 10, 6 = -2*c - k. Let t = c - -5. What is the units digit of 7 - t*(5 - 2)?
4
Let b(p) = 24*p + 143. What is the hundreds digit of b(29)?
8
Suppose -277 = -3*d + 59. Suppose 2*r - 218 = -4*l, -5*l + r + d = -143. Suppose 5*a = 3*a + l. What is the tens digit of a?
2
Let y be (-4)/3*-3 + -2. Suppose -y*j = -i - 3*i - 138, 0 = -j - i + 78. What is the units digit of j?
5
Suppose 4*o - 15105 = -2653. What is the thousands digit of o?
3
Suppose -p + 0 = -4. Let q = p - -1. Suppose 195 = 5*x - 0*x - q*j, -5*x = -j - 195. What is the units digit of x?
9
Let y be (-9)/(3/6 + -1). Let w(b) = b - 40. Let k be w(34). Let c = y + k. What is the tens digit of c?
1
Let q be (3/(-6))/((-4)/(-8)). What is the units digit of 1*(1 - (-1 - q))*9?
9
Let c = -103 - -109. Suppose 0 = 12*h - c*h - 870. What is the hundreds digit of h?
1
Let v(u) = -u**3 - 4*u**2 + 19*u - 10. Let c be v(-7). Suppose 5*i = -20, -f + i = 3*f - 180. Suppose -c*n = -f - 16. What is the tens digit of n?
1
Suppose -q - 10296 = -53*q. What is the hundreds digit of q?
1
Suppose -546 - 370 = -4*o. What is the hundreds digit of o?
2
Suppose 0 = 872*w - 878*w + 1062. What is the tens digit of w?
7
Suppose 0 = 2*i - 3 - 3. Suppose -484 = i*o - 7*o. What is the units digit of o?
1
Suppose 7*o - 10 - 4 = 0. Suppose -6*x + o*x + 288 = 0. What is the tens digit of x?
7
Let a be ((-63)/((-24)/(-8)))/(2/(-32)). Suppose 11*r + 127 = a. What is the tens digit of r?
1
Let j = 358 - 210. Suppose 2*r + 43 = 5*v + j, -205 = -4*r + 5*v. What is the tens digit of r?
5
Suppose -4*v = -0*v - 12. Suppose -v*r + 9*r - 324 = 0. What is the tens digit of r?
5
Let s = -2215 + 3265. What is the tens digit of s?
5
Suppose c - 29*b = -34*b + 1325, c - 1325 = 5*b. What is the hundreds digit of c?
3
Suppose -3*w - 4*t + 8 + 17 = 0, -2*w - 2*t + 14 = 0. Suppose -244 = -a - w*a. What is the tens digit of a?
6
Suppose 2*r + 2*b - 2343 = 723, 6124 = 4*r - 4*b. What is the hundreds digit of r?
5
What is the tens digit of 330/(-8)*(-1 - 11)?
9
Let s = -40 + 59. Let f = 61 - s. What is the tens digit of f?
4
Suppose -21 = -3*q + 5*z, 0 = -3*q + 2*z - 0*z + 12. Let s = q + 3. Let v(j) = j**3 - 5*j**2 + 5. What is the units digit of v(s)?
5
Suppose 24*s = 5511 + 1785. What is the hundreds digit of s?
3
Let n be (-2812)/(-26) - 16/104. Suppose -p - 11 = -n. What is the tens digit of p?
9
Let k = 614 + -232. Suppose -80 = -11*t + k. What is the tens digit of t?
4
Let m(t) = -t**3 - 8*t**2 - 5*t + 4. Let y be m(-5). Let z = 18 - y. What is the units digit of z?
4
Let k(t) = -58*t - 12. Suppose -11*i - 6 - 16 = 0. What is the units digit of k(i)?
4
Suppose -2*n + 640 = -960. What is the hundreds digit of n?
8
Let j be 50/8 + 4/(-16). Let v = 25 - 15. Let n = v - j. What is the units digit of n?
4
Let k(v) = 3*v**3 + 5*v**2 - 14*v + 1. Suppose -16 = -3*u + 5*i - 4, 5*u - 20 = i. What is the units digit of k(u)?
7
Let u = 6788 + -4293. What is the hundreds digit of u?
4
Let t be (195/(-2))/(6/(-108)). Suppose k = -4*k + t. Suppose -4*i = -k + 47. What is the units digit of i?
6
Let u be 52/39 + (-4)/(-6). What is the tens digit of u/(-5) - 302/(-5)?
6
Suppose 0 = 81*i - 77*i - 16652. What is the units digit of i?
3
Suppose -5*c - 5 = -2*i, 0*i - i - c - 1 = 0. Let s be (-1 + 1 - -29) + -2. Let z = i + s. What is the units digit of z?
7
Let z be (-1 - 1/(-1))*1/1. Suppose z = -9*c + 10*c - 216. What is the hundreds digit of c?
2
What is the tens digit of (-1)/(-1) - 11*(-56 + -7)?
9
Let a be -3 - -1 - (16 + -2). Let f be -1 - (-34*1 + 0). Let y = a + f. What is the units digit of y?
7
Let g = 10 + -10. Suppose g = 3*s - 5*m - 63, 5*s - 71 = -3*m - 0*m. Let y = s - 8. What is the units digit of y?
8
Let q = 17 + -18. What is the tens digit of q - ((-350)/5 + 1)?
6
Let x(m) = 33*m**2 + 140. What is the units digit of x(8)?
2
Let a(u) = -2*u + 1. Let o be a(-1). Let s = 288 - 198. Suppose -8*b = -o*b - s. What is the tens digit of b?
1
Let m(d) = 136*d + 2. Let w be m(-1). Let b = w + 88. Let z = -29 - b. What is the tens digit of z?
1
Suppose 2*d + 3*w - 116 = -0*d, -5*w = 0. Let m = d + -19. What is the units digit of m?
9
Let b(p) = -p**3 - 5*p**2 - 3*p + 5. Let s be b(-4). Let t be (s + 2)*-1 - -105. Suppose 2*y + 104 = 5*i, 4*i = 4*y + t - 14. What is the units digit of i?
0
Let l be -207*(25/15)/(-5). Let r = 74 - l. What is the units digit of r?
5
Let y = 9 + 5. Let z(m) be the third derivative of -m**4/12 + 29*m**3/6 + 17*m**2. What is the units digit of z(y)?
1
Let h be (-4)/12 - 91/(-3). What is the units digit of (3*-1)/((-9)/h)?
0
Let j = -30 - -34. Suppose -330 = -3*n + 5*q, 4*q + 137 + 303 = j*n. What is the hundreds digit of n?
1
Let j = -12 + 30. Let h = j + 9. What is the units digit of h?
7
Suppose 30 = 6*a - 3150. What is the hundreds digit of a?
5
Let l = 444 - 188. What is the hundreds digit of l?
2
Let u be -3 - (4 - (6 - -1)). Suppose -5*o + 3*w + 749 = u, -300 = -4*o + 2*o + w. What is the units digit of o?
1
Let j(q) = 11*q**2 - 8*q - 23. What is the tens digit of j(-6)?
2
Suppose 229 = -5*h - 2*p, -5*h - 209 = -4*p + 38. Let b = 13 - h. What is the tens digit of b?
6
Let u = -16 - -275. Suppose 2*q + 2*q - 8 = 0. Suppose q*c - 9*c = -u. What is the tens digit of c?
3
Let j = 4 - 2. Suppose 4*h = -4*d - 72, 2*h = -j*h + 2*d - 60. What is the units digit of 8 - (-7)/(28/h)?
4
Let u be (-28)/(-16) - (-1)/4. Suppose 0 = 4*p - u*b + 104, -2*p = p + 5*b + 104. Let s = 48 + p. What is the units digit of s?
0
Suppose -3 = f, g - 5*f = 4*g - 75. Let p = -32 + g. What is the tens digit of (-585)/(-26) + (-1)/p?
2
Suppose 0 = -d - 2*h + 94, -2*h - 406 = -6*d + 2*d. Suppose 4*m = 2*x + d, m + 2*x = 26 - 1. What is the tens digit of m?
2
Suppose -3*g + 56 = -640. Suppose -q - 3*q = g. Let s = 83 + q. What is the tens digit of s?
2
Let n be -1 + 5 - (0 - -6). Let g be -10*n/(-6)*3. What is the tens digit of (g/(-10))/(2/82)?
4
Suppose 0 = -k - 3*k - 3*o - 241, -5*o + 153 = -2*k. Let h = -17 - k. Let t = h + -21. What is the tens digit of t?
2
Let k(o) = -1233*o + 304. What is the thousands digit of k(-3)?
4
Let r be 0 + 3*(-6)/9. Let a be (-8)/(-20) + r/5. Suppose 0 = -3*c - a*c + 33. What is the tens digit of c?
1
Suppose -4*c - 353 = -5*s, 2*s - 7*s - 3*c + 339 = 0. Suppose -35*w = -36*w + s. What is the units digit of w?
9
Let w(f) be the third derivative of f**5/30 - f**4/4 - f**3/2 - 19*f**2. What is the units digit of w(7)?
3
Suppose 9*a + 420 = -6*a. Let r = a + 36. What is the units digit of r?
8
Suppose -4*b = -n + 2*n - 11, 3*b = 2*n + 11. Suppose 78 = q - b*v, -3*q + 275 = v + 61. What is the tens digit of q?
7
Let d be -1639 + ((-4)/(-3) - (-14)/(-42)). What is the hundreds digit of 5 + -5 + d/(-6)?
2
Let i be 4/(-8)*(1 - -5). Let u = i - -8. Suppose -65 = -3*j - 0*j + 5*w, -2*j + 60 = u*w. What is the units digit of j?
5
Let v = 76 + -75. What is the tens digit of (-4 + 6)/v + (117 - -1)?
2
Let q(p) be the second derivative of -5/2*p**2 - 1/6*p**3 + 0 + 1/12*p**4 - p. What is the tens digit of q(7)?
3
Suppose -45*a + 62*a - 32096 = 0. What is the tens digit of a?
8
Let h = 34 + -31. Let q(r) = 8*r**2 - 4*r + 2. What is the units digit of q(h)?
2
Suppose -3*b + 921 = -210. Suppose -6*i + 13 + b = 0. What is the units digit of i?
5
Let h be -2